 the greatest common divisor of 50 and 12150?
50
What is the greatest common factor of 43 and 5891?
43
Calculate the highest common divisor of 120 and 15.
15
What is the greatest common factor of 133 and 49?
7
Calculate the greatest common divisor of 3 and 4269.
3
Calculate the greatest common factor of 3 and 20589.
3
Calculate the greatest common factor of 1862 and 784.
98
What is the greatest common divisor of 14 and 77?
7
Calculate the greatest common divisor of 14 and 70.
14
What is the highest common factor of 12 and 2292?
12
What is the greatest common factor of 70 and 2485?
35
What is the greatest common divisor of 32 and 40?
8
What is the highest common divisor of 96 and 72?
24
Calculate the greatest common divisor of 792 and 176.
88
What is the greatest common factor of 49 and 115199?
49
Calculate the highest common divisor of 222 and 9.
3
Calculate the highest common divisor of 195 and 5720.
65
What is the greatest common divisor of 32 and 47776?
32
What is the highest common divisor of 53 and 477?
53
What is the highest common divisor of 989 and 86?
43
Calculate the greatest common factor of 70 and 224.
14
Calculate the greatest common factor of 83 and 415.
83
What is the greatest common factor of 192 and 36?
12
Calculate the highest common factor of 292 and 28.
4
What is the highest common factor of 1334 and 92?
46
Calculate the highest common divisor of 418 and 22.
22
What is the highest common divisor of 770 and 126?
14
What is the highest common factor of 1127 and 49?
49
What is the greatest common factor of 28 and 406?
14
What is the greatest common divisor of 6554 and 1334?
58
What is the greatest common divisor of 41101 and 69?
23
What is the greatest common divisor of 33 and 44?
11
Calculate the greatest common divisor of 11 and 451.
11
Calculate the greatest common divisor of 286 and 728.
26
What is the greatest common divisor of 50 and 90?
10
Calculate the highest common factor of 48 and 404.
4
Calculate the highest common factor of 5671 and 53.
53
Calculate the highest common divisor of 232 and 152.
8
Calculate the greatest common divisor of 72 and 156.
12
Calculate the highest common factor of 129 and 1591.
43
Calculate the highest common factor of 240 and 3216.
48
What is the greatest common divisor of 61 and 5?
1
What is the highest common factor of 171 and 19?
19
What is the greatest common factor of 3336 and 144?
24
What is the greatest common factor of 160 and 64?
32
What is the highest common factor of 234 and 78?
78
Calculate the greatest common factor of 72 and 3384.
72
Calculate the highest common factor of 66 and 3322.
22
What is the highest common factor of 80 and 36880?
80
What is the highest common divisor of 5658 and 138?
138
Calculate the highest common divisor of 15315 and 15.
15
Calculate the highest common factor of 7567 and 69.
23
What is the greatest common factor of 10 and 55?
5
Calculate the greatest common factor of 2 and 724.
2
Calculate the highest common divisor of 13168 and 16.
16
Calculate the greatest common divisor of 44295 and 30.
15
What is the highest common factor of 2622 and 184?
46
What is the highest common factor of 1333 and 43?
43
Calculate the greatest common factor of 1317 and 15.
3
Calculate the highest common divisor of 184 and 24.
8
Calculate the highest common divisor of 18392 and 152.
152
Calculate the greatest common factor of 78 and 39.
39
Calculate the highest common divisor of 1164 and 12.
12
Calculate the highest common divisor of 225 and 5.
5
Calculate the greatest common divisor of 459 and 405.
27
What is the highest common factor of 5620 and 80?
20
What is the highest common divisor of 11 and 649?
11
What is the greatest common divisor of 2403 and 297?
27
What is the highest common factor of 19 and 142196?
19
What is the greatest common divisor of 961 and 31?
31
Calculate the greatest common divisor of 4 and 9428.
4
What is the greatest common divisor of 3933 and 1?
1
What is the greatest common divisor of 110 and 605?
55
Calculate the greatest common divisor of 795 and 75.
15
What is the highest common divisor of 38 and 8?
2
Calculate the greatest common factor of 266 and 190.
38
Calculate the greatest common divisor of 507 and 975.
39
What is the greatest common factor of 3410 and 10?
10
Calculate the greatest common factor of 96 and 726.
6
What is the greatest common divisor of 16 and 784?
16
What is the greatest common factor of 592 and 24?
8
Calculate the greatest common factor of 39 and 325.
13
What is the greatest common divisor of 19 and 589?
19
Calculate the highest common divisor of 744 and 40.
8
Calculate the highest common factor of 55 and 440.
55
Calculate the highest common factor of 8778 and 42.
42
Calculate the highest common divisor of 123 and 164.
41
What is the highest common divisor of 533 and 13?
13
What is the greatest common divisor of 37 and 8399?
37
What is the highest common factor of 2485 and 455?
35
Calculate the highest common factor of 153 and 3519.
153
What is the highest common divisor of 30 and 1150?
10
Calculate the greatest common factor of 7462 and 41.
41
What is the highest common factor of 648 and 3726?
162
Calculate the highest common divisor of 735 and 90.
15
What is the highest common factor of 896 and 120?
8
Calculate the greatest common factor of 501 and 1.
1
What is the highest common divisor of 595 and 68?
17
Calculate the highest common factor of 954 and 9.
9
Calculate the highest common divisor of 1739 and 74.
37
What is the highest common divisor of 80 and 140?
20
What is the greatest common divisor of 748 and 1716?
44
Calculate the greatest common divisor of 728 and 962.
26
Calculate the highest common divisor of 55 and 5.
5
Calculate the greatest common divisor of 162 and 189.
27
Calculate the greatest common divisor of 200 and 150.
50
What is the highest common factor of 2058 and 6?
6
Calculate the greatest common divisor of 1647 and 621.
27
Calculate the highest common factor of 138 and 19527.
69
What is the highest common factor of 1215 and 10?
5
What is the highest common divisor of 779 and 19?
19
Calculate the highest common factor of 16 and 68.
4
Calculate the highest common factor of 945 and 245.
35
What is the greatest common factor of 12 and 6492?
12
What is the greatest common divisor of 885 and 354?
177
Calculate the highest common factor of 8 and 25856.
8
What is the highest common divisor of 720 and 234?
18
Calculate the greatest common factor of 225 and 288.
9
Calculate the highest common divisor of 2212 and 28.
28
Calculate the greatest common divisor of 1168 and 16.
16
What is the highest common divisor of 1218 and 7?
7
What is the greatest common divisor of 1625 and 65?
65
Calculate the highest common factor of 13 and 39.
13
Calculate the greatest common divisor of 240 and 492.
12
What is the greatest common divisor of 59 and 295?
59
What is the greatest common factor of 33 and 9537?
33
What is the highest common divisor of 152 and 130568?
152
What is the greatest common divisor of 1708 and 305?
61
What is the greatest common factor of 14 and 714?
14
What is the highest common factor of 189 and 210?
21
Calculate the highest common divisor of 52 and 338.
26
Calculate the highest common divisor of 6 and 16.
2
Calculate the greatest common factor of 28 and 322.
14
What is the greatest common factor of 45 and 21?
3
Calculate the greatest common divisor of 81 and 6453.
27
Calculate the highest common divisor of 1054 and 17.
17
What is the greatest common factor of 2750 and 1750?
250
What is the greatest common divisor of 244 and 305?
61
Calculate the highest common factor of 23 and 529.
23
What is the highest common factor of 65 and 35?
5
What is the greatest common factor of 96 and 18?
6
What is the greatest common divisor of 580 and 2088?
116
What is the highest common divisor of 864 and 60?
12
What is the greatest common factor of 44 and 160?
4
What is the greatest common divisor of 63 and 14?
7
What is the greatest common divisor of 54 and 20106?
18
Calculate the highest common factor of 320 and 6560.
160
Calculate the highest common divisor of 270 and 360.
90
What is the greatest common divisor of 1 and 757?
1
Calculate the greatest common divisor of 207 and 115.
23
What is the highest common divi